What is the remainder when 2254 is divided by 160?
14
Calculate the remainder when 334 is divided by 24.
22
Calculate the remainder when 778 is divided by 12.
10
What is the remainder when 134 is divided by 52?
30
What is the remainder when 4221 is divided by 128?
125
What is the remainder when 317 is divided by 8?
5
What is the remainder when 146 is divided by 22?
14
Calculate the remainder when 360 is divided by 59.
6
What is the remainder when 228 is divided by 62?
42
What is the remainder when 344 is divided by 15?
14
What is the remainder when 9707 is divided by 19?
17
Calculate the remainder when 404 is divided by 82.
76
Calculate the remainder when 169 is divided by 145.
24
What is the remainder when 224 is divided by 43?
9
What is the remainder when 1547 is divided by 79?
46
Calculate the remainder when 16 is divided by 7.
2
What is the remainder when 380 is divided by 96?
92
Calculate the remainder when 963 is divided by 14.
11
Calculate the remainder when 68 is divided by 30.
8
What is the remainder when 1229 is divided by 10?
9
Calculate the remainder when 516 is divided by 241.
34
Calculate the remainder when 2867 is divided by 14.
11
Calculate the remainder when 225 is divided by 69.
18
Calculate the remainder when 1129 is divided by 559.
11
Calculate the remainder when 1781 is divided by 21.
17
Calculate the remainder when 325 is divided by 112.
101
Calculate the remainder when 437 is divided by 12.
5
What is the remainder when 8478 is divided by 499?
494
What is the remainder when 492 is divided by 240?
12
Calculate the remainder when 77 is divided by 76.
1
Calculate the remainder when 1118 is divided by 23.
14
Calculate the remainder when 182 is divided by 160.
22
Calculate the remainder when 54587 is divided by 79.
77
What is the remainder when 508 is divided by 133?
109
Calculate the remainder when 2587 is divided by 431.
1
What is the remainder when 1123 is divided by 551?
21
What is the remainder when 125 is divided by 34?
23
What is the remainder when 341 is divided by 67?
6
What is the remainder when 244 is divided by 147?
97
Calculate the remainder when 122 is divided by 30.
2
What is the remainder when 107 is divided by 19?
12
What is the remainder when 3902 is divided by 439?
390
Calculate the remainder when 322 is divided by 79.
6
What is the remainder when 21 is divided by 8?
5
Calculate the remainder when 393 is divided by 81.
69
What is the remainder when 226 is divided by 84?
58
Calculate the remainder when 364 is divided by 64.
44
Calculate the remainder when 7492 is divided by 23.
17
Calculate the remainder when 404 is divided by 136.
132
What is the remainder when 108 is divided by 36?
0
What is the remainder when 591 is divided by 205?
181
Calculate the remainder when 8644 is divided by 66.
64
What is the remainder when 58 is divided by 6?
4
Calculate the remainder when 427 is divided by 250.
177
Calculate the remainder when 779 is divided by 8.
3
What is the remainder when 402 is divided by 38?
22
Calculate the remainder when 337 is divided by 30.
7
What is the remainder when 1717 is divided by 174?
151
Calculate the remainder when 91 is divided by 46.
45
What is the remainder when 20 is divided by 1?
0
Calculate the remainder when 343 is divided by 23.
21
What is the remainder when 1253 is divided by 68?
29
Calculate the remainder when 321 is divided by 78.
9
Calculate the remainder when 252 is divided by 20.
12
Calculate the remainder when 29 is divided by 27.
2
What is the remainder when 509 is divided by 129?
122
What is the remainder when 642 is divided by 636?
6
What is the remainder when 323 is divided by 125?
73
What is the remainder when 646 is divided by 81?
79
What is the remainder when 24 is divided by 20?
4
Calculate the remainder when 50459 is divided by 23.
20
What is the remainder when 368 is divided by 19?
7
What is the remainder when 39 is divided by 8?
7
Calculate the remainder when 158 is divided by 51.
5
What is the remainder when 444 is divided by 212?
20
Calculate the remainder when 135 is divided by 39.
18
Calculate the remainder when 1306 is divided by 140.
46
Calculate the remainder when 112 is divided by 59.
53
Calculate the remainder when 304 is divided by 28.
24
Calculate the remainder when 472 is divided by 28.
24
What is the remainder when 143 is divided by 55?
33
Calculate the remainder when 220 is divided by 33.
22
Calculate the remainder when 163 is divided by 41.
40
Calculate the remainder when 1355 is divided by 347.
314
Calculate the remainder when 1099 is divided by 159.
145
Calculate the remainder when 2328 is divided by 65.
53
What is the remainder when 500 is divided by 22?
16
What is the remainder when 67 is divided by 23?
21
Calculate the remainder when 306 is divided by 101.
3
Calculate the remainder when 2078 is divided by 37.
6
What is the remainder when 4224 is divided by 4220?
4
Calculate the remainder when 162 is divided by 30.
12
Calculate the remainder when 88 is divided by 20.
8
What is the remainder when 690 is divided by 134?
20
What is the remainder when 605 is divided by 121?
0
Calculate the remainder when 269 is divided by 60.
29
What is the remainder when 227 is divided by 160?
67
What is the remainder when 437 is divided by 12?
5
Calculate the remainder when 4028 is divided by 65.
63
What is the remainder when 715 is divided by 142?
5
What is the remainder when 2133 is divided by 21?
12
Calculate the remainder when 2696 is divided by 7.
1
Calculate the remainder when 138 is divided by 8.
2
Calculate the remainder when 1331 is divided by 111.
110
What is the remainder when 181 is divided by 26?
25
What is the remainder when 1914 is divided by 14?
10
What is the remainder when 146 is divided by 45?
11
Calculate the remainder when 372 is divided by 241.
131
Calculate the remainder when 444 is divided by 222.
0
What is the remainder when 63 is divided by 19?
6
What is the remainder when 360 is divided by 355?
5
What is the remainder when 999 is divided by 165?
9
Calculate the remainder when 18588 is divided by 11.
9
Calculate the remainder when 3458 is divided by 20.
18
What is the remainder when 531 is divided by 110?
91
Calculate the remainder when 12336 is divided by 13.
12
What is the remainder when 270 is divided by 34?
32
What is the remainder when 556 is divided by 31?
29
Calculate the remainder when 1749 is divided by 17.
15
What is the remainder when 220 is divided by 114?
106
What is the remainder when 1091 is divided by 36?
11
What is the remainder when 298 is divided by 284?
14
Calculate the remainder when 106 is divided by 10.
6
Calculate the remainder when 165 is divided by 47.
24
What is the remainder when 2874 is divided by 114?
24
What is the remainder when 1074 is divided by 90?
84
What is the remainder when 823 is divided by 95?
63
Calculate the remainder when 3218 is divided by 28.
26
What is the remainder when 230 is divided by 10?
0
What is the remainder when 1146 is divided by 164?
162
What is the remainder when 908 is divided by 19?
15
What is the remainder when 8499 is divided by 34?
33
What is the remainder when 537 is divided by 108?
105
What is the remainder when 189 is divided by 84?
21
Calculate the remainder when 252 is divided by 16.
12
Calculate the remainder when 2281 is divided by 108.
13
What is the remainder when 244 is divided by 23?
14
Calculate the remainder when 179 is divided by 35.
4
What is the remainder when 339 is divided by 114?
111
What is the remainder when 76 is divided by 17?
8
Calculate the remainder when 206 is divided by 35.
31
Calculate the remainder when 1508 is divided by 45.
23
What is the remainder when 67 is divided by 43?
24
What is the remainder when 1298 is divided by 109?
99
Calculate the remainder when 959 is divided by 11.
2
What is the remainder when 89 is divided by 32?
25
What is the remainder when 296 is divided by 39?
23
What is the remainder when 818 is divided by 10?
8
Calculate the remainder when 249 is divided by 50.
49
What is the remainder when 127 is divided by 28?
15
What is the remainder when 123 is divided by 23?
8
What is the remainder when 3577 is divided by 596?
1
What is the remainder when 332 is divided by 86?
74
Calculate the remainder when 772 is divided by 60.
52